 factors of 552317.
552317
What are the prime factors of 3562440?
2, 3, 5, 7, 4241
What are the prime factors of 67086?
2, 3, 3727
List the prime factors of 197215.
5, 39443
List the prime factors of 2035626.
2, 3, 29, 11699
List the prime factors of 329109.
3, 11, 9973
What are the prime factors of 3773935?
5, 11, 59, 1163
What are the prime factors of 9977849?
7, 43, 33149
List the prime factors of 4589420.
2, 5, 11, 23, 907
What are the prime factors of 2686500?
2, 3, 5, 199
List the prime factors of 26198985.
3, 5, 1746599
What are the prime factors of 9481521?
3, 7, 29, 15569
What are the prime factors of 83880?
2, 3, 5, 233
List the prime factors of 4743942.
2, 3, 7, 112951
What are the prime factors of 1094060?
2, 5, 11, 4973
List the prime factors of 2348521.
7, 41, 167
List the prime factors of 10659199.
10659199
What are the prime factors of 8371562?
2, 53, 78977
What are the prime factors of 52404?
2, 3, 11, 397
What are the prime factors of 5254864?
2, 328429
What are the prime factors of 10060698?
2, 3, 1676783
List the prime factors of 3127585.
5, 625517
What are the prime factors of 1285009?
11, 116819
What are the prime factors of 180317?
180317
What are the prime factors of 356974?
2, 178487
List the prime factors of 218553.
3, 263, 277
List the prime factors of 1756994.
2, 29, 30293
List the prime factors of 4058340.
2, 3, 5, 11, 13, 43
List the prime factors of 1966925.
5, 29, 2713
List the prime factors of 189753.
3, 19, 3329
What are the prime factors of 5703909?
3, 433, 4391
What are the prime factors of 9863581?
7, 13, 107, 1013
List the prime factors of 9277419.
3, 29, 106637
What are the prime factors of 30451365?
3, 5, 7, 96671
What are the prime factors of 3970675?
5, 71, 2237
What are the prime factors of 13542560?
2, 5, 53, 1597
What are the prime factors of 3136316?
2, 739, 1061
What are the prime factors of 5798?
2, 13, 223
List the prime factors of 519226.
2, 89, 2917
List the prime factors of 3873372.
2, 3, 322781
List the prime factors of 2644499.
11, 13, 18493
List the prime factors of 166.
2, 83
List the prime factors of 1516771.
1516771
What are the prime factors of 35622040?
2, 5, 890551
List the prime factors of 801108.
2, 3, 7, 11, 17
What are the prime factors of 166444?
2, 41611
What are the prime factors of 1198214?
2, 617, 971
List the prime factors of 494091.
3, 13, 41, 103
List the prime factors of 997978.
2, 498989
What are the prime factors of 8970633?
3, 7, 142391
List the prime factors of 145522.
2, 13, 29, 193
List the prime factors of 981067.
981067
List the prime factors of 316997.
359, 883
List the prime factors of 3521107.
89, 39563
What are the prime factors of 214315?
5, 42863
List the prime factors of 3563960.
2, 5, 139, 641
List the prime factors of 44517.
3, 11, 19, 71
List the prime factors of 86701.
277, 313
List the prime factors of 6167897.
151, 40847
What are the prime factors of 1061294?
2, 13, 40819
List the prime factors of 25816.
2, 7, 461
What are the prime factors of 309340?
2, 5, 15467
List the prime factors of 223935.
3, 5, 14929
List the prime factors of 6487793.
13, 29, 17209
What are the prime factors of 2095160?
2, 5, 52379
What are the prime factors of 197497?
41, 4817
What are the prime factors of 4907872?
2, 153371
List the prime factors of 2424888.
2, 3, 33679
List the prime factors of 2215139.
113, 19603
What are the prime factors of 2826512?
2, 13, 107, 127
List the prime factors of 17202445.
5, 13, 383, 691
List the prime factors of 2981530.
2, 5, 298153
What are the prime factors of 58098?
2, 3, 23, 421
What are the prime factors of 875174?
2, 437587
List the prime factors of 124682.
2, 31, 2011
List the prime factors of 724592.
2, 11, 23, 179
List the prime factors of 313232.
2, 19577
What are the prime factors of 7891152?
2, 3, 79, 2081
What are the prime factors of 213597?
3, 293
List the prime factors of 11567296.
2, 13, 13903
What are the prime factors of 219848?
2, 27481
What are the prime factors of 141037?
13, 19, 571
List the prime factors of 3183477.
3, 11, 96469
List the prime factors of 862812.
2, 3, 2663
What are the prime factors of 2266450?
2, 5, 45329
What are the prime factors of 134369?
134369
What are the prime factors of 296314?
2, 148157
What are the prime factors of 1371804?
2, 3, 7, 2333
List the prime factors of 1308819.
3, 436273
List the prime factors of 17310296.
2, 2163787
List the prime factors of 177382.
2, 31, 2861
What are the prime factors of 4831624?
2, 7, 19, 239
List the prime factors of 2878201.
127, 131, 173
What are the prime factors of 85371?
3, 11, 13, 199
What are the prime factors of 2201005?
5, 479, 919
What are the prime factors of 23392041?
3, 47, 165901
What are the prime factors of 2181886?
2, 7, 155849
List the prime factors of 2206416.
2, 3, 43, 1069
What are the prime factors of 5983333?
107, 199, 281
List the prime factors of 11365452.
2, 3, 7, 17, 379
List the prime factors of 181687.
11, 83, 199
List the prime factors of 7941070.
2, 5, 29, 139, 197
List the prime factors of 8490324.
2, 3, 707527
List the prime factors of 23682221.
181, 130841
List the prime factors of 659267.
7, 53, 1777
What are the prime factors of 3213451?
19, 169129
List the prime factors of 619415.
5, 43, 67
What are the prime factors of 17265544?
2, 47, 977
List the prime factors of 920726.
2, 613, 751
What are the prime factors of 244109?
244109
What are the prime factors of 45036?
2, 3, 139
List the prime factors of 152833.
152833
List the prime factors of 514993.
23, 22391
What are the prime factors of 12050668?
2, 7, 61483
What are the prime factors of 855282?
2, 3, 142547
What are the prime factors of 5866873?
283, 20731
What are the prime factors of 10550?
2, 5, 211
List the prime factors of 5008451.
7, 59, 67, 181
List the prime factors of 2703706.
2, 1351853
List the prime factors of 6693076.
2, 13, 9901
List the prime factors of 1332412.
2, 333103
List the prime factors of 54900.
2, 3, 5, 61
List the prime factors of 13522774.
2, 6761387
List the prime factors of 152924.
2, 38231
What are the prime factors of 212751?
3, 7, 11, 307
List the prime factors of 158845.
5, 31769
List the prime factors of 524561.
23, 22807
What are the prime factors of 3807264?
2, 3, 39659
What are the prime factors of 2767019?
2767019
List the prime factors of 544554.
2, 3, 30253
What are the prime factors of 7153092?
2, 3, 23, 53, 163
List the prime factors of 3786838.
2, 11, 43, 4003
List the prime factors of 697681.
697681
List the prime factors of 360063.
3, 11, 3637
What are the prime factors of 2649841?
17, 53, 173
What are the prime factors of 45092?
2, 11273
List the prime factors of 506713.
23, 22031
List the prime factors of 816666.
2, 3, 136111
List the prime factors of 84624.
2, 3, 41, 43
What are the prime factors of 3935440?
2, 5, 49193
What are the prime factors of 527904?
2, 3, 13, 47
List the prime factors of 111405.
3, 5, 7, 1061
What are the prime factors of 1696879?
1696879
List the prime factors of 3055953.
3, 1018651
What are the prime factors of 841279?
17, 41, 71
List the prime factors of 390517.
23, 16979
What are the prime factors of 483947?
163, 2969
List the prime factors of 172283.
172283
List the prime factors of 6908244.
2, 3, 7, 82241
List the prime factors of 432546.
2, 3, 72091
List the prime factors of 8429332.
2, 53, 39761
What are the prime factors of 7351638?
2, 3, 7, 175039
What are the prime factors of 6162281?
61, 101021
List the prime factors of 348248.
2, 101, 431
What are the prime factors of 458019?
3, 50891
List the prime factors of 889992.
2, 3, 47, 263
List the prime factors of 1640355.
3, 5, 109357
What are the prime factors of 674295?
3, 5, 44953
What are the prime factors of 685632?
2, 3, 3571
What are the prime factors of 6853780?
2, 5, 263, 1303
What are the prime factors of 44726?
2, 11, 19, 107
What are the prime factors of 214663?
214663
What are the prime factors of 233457?
3, 7, 11117
List the prime factors of 2883064.
2, 17, 29, 43
List the prime factors of 80223.
3, 11, 13, 17
List the prime factors of 13692317.
349, 39233
List the prime factors of 19658966.
2, 9829483
List the prime factors of 145642.
2, 7, 101, 103
What are the prime factors of 104130?
2, 3, 5, 13, 89
What are the p